et h(f) = 32*f**3 - f**2 + 1. Give h(-1).
-32
Let j(z) = -8*z - 1. Give j(-2).
15
Let p(o) = o**2 + 6*o - 8. Determine p(-8).
8
Let y(n) = n**3 - 2*n**2 + 2*n + 21. Give y(0).
21
Let o(r) = -r**3 + 2*r**2 + 2*r - 4. What is o(-2)?
8
Let n(h) = 12*h**2 - 67*h + 29. Give n(5).
-6
Let t(v) = v**3 - 13*v**2 - 15*v + 8. What is t(14)?
-6
Let x(c) = -c**3 + 12*c**2 - c - 3. What is x(12)?
-15
Let z(o) = 14*o**3 - o**2 - 3*o - 1. Give z(-1).
-13
Let p(j) = -3*j - 9. Calculate p(-8).
15
Let l(b) = -10*b**2 - b - 2. Calculate l(-1).
-11
Let s(y) = -3*y**3 + 11*y**2 - 6*y + 3. Give s(5).
-127
Let c(o) = -3*o**2 - 38*o + 9. Give c(-13).
-4
Let s(b) = 3*b - 60. Calculate s(22).
6
Let w(r) = -r**3 - 9*r**2 - 14*r - 1. Calculate w(-7).
-1
Let i(o) = -12*o**2 - 1. Give i(1).
-13
Let w(x) = -x + 6. Calculate w(5).
1
Let h(b) = 2*b**2 + 18*b + 13. Give h(-12).
85
Let n(z) = -z**3 + 12*z**2 - 8*z + 5. Calculate n(11).
38
Let j(n) = -n - 4. What is j(5)?
-9
Let x(s) = 15*s**2 + 24*s - 53. Determine x(2).
55
Let r(h) = h**2 - 13*h - 12. Give r(14).
2
Let n(c) = c - 8. Calculate n(3).
-5
Let s(p) = 14*p**2 - p. What is s(-1)?
15
Let i(l) = -8*l - 30. What is i(-3)?
-6
Let x(p) = -p + 3. Give x(5).
-2
Let x(m) = -m**3 - 3*m**2 + 12*m + 2. Give x(-5).
-8
Let m(z) = z**3 - z**2 - 8*z + 3. Determine m(0).
3
Let c(x) = -8*x - 265. Calculate c(-36).
23
Let w(t) = -t - 21. Determine w(-18).
-3
Let u(s) = -58*s - 7. What is u(-2)?
109
Let p(j) = j**2 + 29*j + 184. What is p(-9)?
4
Let s(c) = 8*c + 5. Calculate s(-12).
-91
Let a(f) = -10*f - 77. Determine a(-8).
3
Let s(t) = 2*t**2 - 2*t - 14. What is s(-3)?
10
Let p(j) = -j**3 + 11*j**2 + 14*j. Give p(12).
24
Let l(x) = -44*x - 445. What is l(-10)?
-5
Let z(i) = -3*i - 8. Give z(-7).
13
Let d(y) = 2*y**3 + 8*y**2 - 28*y - 3. Calculate d(-6).
21
Let v(t) = 3*t**2 - 29*t + 32. Calculate v(9).
14
Let a(l) = -l**3 - l**2 - 1. Give a(-2).
3
Let r(z) = -z + 9. Give r(-9).
18
Let h(x) = x**2 + 8*x. Calculate h(-9).
9
Let w(b) = -b**3 - 3*b**2 - 3*b. Determine w(-2).
2
Let c(q) = 3*q**2 + 11*q - 3. Determine c(-5).
17
Let q(y) = -6*y - 48. What is q(-6)?
-12
Let t(x) = x**2 - 8*x - 14. Determine t(10).
6
Let s(c) = c**3 + 9*c**2 + 8*c + 9. Give s(-6).
69
Let c(i) = -14*i**2 + 10*i - 11. Give c(1).
-15
Let h(i) = -i**3 - 3*i**2 + 11*i + 26. Calculate h(-4).
-2
Let s(i) = 5*i + 148. What is s(-27)?
13
Let j(r) = -5*r + 25. Determine j(2).
15
Let h(c) = 2*c**2 + 4*c - 26. Determine h(-8).
70
Let c(z) = -77*z + 698. What is c(9)?
5
Let f(v) = v**3 - 48*v**2 + 85*v + 319. Give f(46).
-3
Let t(k) = k**3 + 5*k**2 + 4*k + 2. Calculate t(-6).
-58
Let s(v) = -v**2 - 6*v + 35. Give s(-10).
-5
Let p(g) = -4*g**3 - 5*g**2 - 5*g. Give p(-2).
22
Let g(t) = 8*t + 62. Determine g(-9).
-10
Let h(i) = i**3 + 9*i**2 + 7*i + 13. Calculate h(-9).
-50
Let h(z) = 2*z**2 + 37*z + 91. What is h(-3)?
-2
Let q(o) = -19*o + 52. Give q(3).
-5
Let y(z) = -z**2 + 3*z + 16. Determine y(6).
-2
Let b(z) = 3*z**3 - 103*z**2 - 71*z + 42. Determine b(35).
7
Let m(b) = -b**2 + 11*b + 16. Give m(12).
4
Let m(o) = 13*o - 51. Calculate m(3).
-12
Let f(z) = -z**2 - 3*z - 11. Give f(-5).
-21
Let y(t) = t**3 - 6*t**2 - 6*t + 9. What is y(6)?
-27
Let j(d) = 2*d**2 - 16*d - 36. Calculate j(10).
4
Let q(z) = -z - 27. What is q(-18)?
-9
Let f(j) = -3*j + 3. Give f(-7).
24
Let u(k) = -2*k - 15. Determine u(-5).
-5
Let k(t) = t**3 + 9*t**2 + 10*t - 10. What is k(-7)?
18
Let t(p) = -6*p**2 + 3*p - 4. Determine t(-3).
-67
Let q(c) = -16*c + 133. Calculate q(8).
5
Let a(m) = 5*m**2 + 3*m - 8. What is a(-3)?
28
Let t(r) = -4*r**3 - 3*r**2 + 2*r - 4. Calculate t(-3).
71
Let w(g) = -g**2 - 19*g - 37. Determine w(-16).
11
Let w(j) = -2*j**2 + 30*j - 96. Determine w(8).
16
Let c(s) = s**3 + 12*s**2 + 10*s - 23. Determine c(-11).
-12
Let a(b) = b**3 + 28*b**2 + 55*b + 72. Calculate a(-26).
-6
Let p(k) = 19*k - 6. Determine p(3).
51
Let v(p) = -13*p - 3. Determine v(-1).
10
Let l(k) = 2*k + 15. Give l(-10).
-5
Let c(i) = -2*i**2 - 37*i - 42. Give c(-18).
-24
Let r(u) = -u**3 - 20*u**2 - 16*u + 31. Determine r(-19).
-26
Let g(u) = 177*u - 882. Determine g(5).
3
Let w(a) = a**3 - 2*a + 2. What is w(0)?
2
Let t(w) = -w**3 + 6*w**2 + 3*w - 5. Give t(7).
-33
Let f(y) = y**2 + 5*y + 5. Calculate f(-3).
-1
Let k(l) = -l**3 - 5*l**2 + 14*l + 9. What is k(-7)?
9
Let s(i) = i**3 + 5*i**2 - 3*i - 6. Calculate s(-4).
22
Let g(p) = -p**2 + 13*p - 52. What is g(11)?
-30
Let z(r) = -3*r - 32. Determine z(-14).
10
Let n(s) = s**3 + 24*s**2 - 28*s - 76. Calculate n(-25).
-1
Let s(h) = -3*h**2 - 3*h - 2. Give s(-4).
-38
Let o(p) = p**2 + p - 63. Give o(-11).
47
Let a(x) = -2*x**3 + 7*x**2 + 8. Give a(5).
-67
Let v(r) = -8*r. Calculate v(5).
-40
Let u(i) = -i - 8. Determine u(-8).
0
Let i(m) = -4*m + 3. What is i(3)?
-9
Let f(x) = -x**3 - 9*x**2 - 20*x + 5. What is f(-9)?
185
Let p(b) = b + 4. What is p(8)?
12
Let i(w) = -w**3 + 3*w. What is i(0)?
0
Let a(h) = -h**2 + 5*h + 34. Give a(13).
-70
Let b(r) = 25*r + 45. Calculate b(-2).
-5
Let p(w) = 3*w - 8. What is p(3)?
1
Let p(n) = n**3 + 47*n**2 + 48*n + 95. Determine p(-46).
3
Let f(d) = d**2 + 14*d - 16. What is f(5)?
79
Let k(n) = n**2 + 10*n + 4. Calculate k(-11).
15
Let r(t) = -10*t - 25. Give r(-3).
5
Let q(t) = 2*t**3 + 10*t**2 - 15*t - 13. Give q(-6).
5
Let f(v) = v + 1. What is f(-1)?
0
Let k(o) = 57*o + 1. Determine k(1).
58
Let z(v) = -v**2 + 8*v - 6. Determine z(10).
-26
Let c(a) = 4*a + 23. Calculate c(-10).
-17
Let o(s) = s**2 + 10*s + 2. Calculate o(-5).
-23
Let b(s) = -s**3 - s**2 + 2*s + 13. Determine b(0).
13
Let x(p) = p**2 + 2. Give x(-2).
6
Let r(w) = -w**3 + w**2 - 2*w + 2. What is r(2)?
-6
Let n(g) = g**3 - 16*g**2 - 41*g + 46. Give n(18).
-44
Let r(a) = 19*a - 3. Give r(1).
16
Let z(m) = m**2 + 4*m + 6. Give z(-4).
6
Let u(y) = y**3 + 17*y**2 + 28*y - 23. Give u(-15).
7
Let p(v) = 10*v - 52. What is p(6)?
8
Let x(l) = 3*l - 5. Determine x(0).
-5
Let k(y) = y - 17. Determine k(17).
0
Let z(j) = 4*j. Calculate z(2).
8
Let w(n) = n**3 - 3*n**2 + 3*n + 3. Calculate w(3).
12
Let v(t) = 3*t + 34. Determine v(-11).
1
Let z(u) = -147*u - 439. Calculate z(-3).
2
Let b(v) = -v**2 + 7*v + 18. What is b(9)?
0
Let j(n) = n**3 - 4*n**2 - 4*n - 6. Determine j(5).
-1
Let p(j) = j**2 - 9*j - 13. Calculate p(9).
-13
Let b(l) = 2*l + 20. Determine b(7).
34
Let m(c) = -10*c**2 - 5*c - 3. Determine m(-1).
-8
Let n(u) = -u**2 + 7*u - 13. What is n(2)?
-3
Let g(w) = 13*w + 76. Calculate g(-6).
-2
Let j(k) = 2*k + 5. What is j(-6)?
-7
Let a(g) = -g**3 - 5*g**2 - 3*g - 4. Determine a(-3).
-13
Let y(i) = 3*i**2 + 7*i + 2. Calculate y(-2).
0
Let v(z) = 2*z**3 - 13*z**2 + z + 13. What is v(7)?
69
Let s(f) = -f**2 - 3*f + 2. What is s(0)?
2
Let v(c) = -c**2 + 11*c - 47. Determine v(11).
-47
Let z(h) = -h**3 - 7*h**2 + 20*h + 22. Calculate z(-9).
4
Let d(k) = -k**2 - 5*k - 1. What is d(-6)?
-7
Let i(a) = -8*a**3 + 2*a**2 + a - 1. What is i(-1)?
8
Let l(t) = 3*t + 23. Calculate l(-10).
-7
Let l(m) = m**3 + 16*m**2 - 18*m - 17. Determine l(-17).
0
Let h(g) = -g + 7. Determine h(9).
-2
Let v(u) = 132*u - 10. Give v(1).
122
Let g(s) = -23*s + 855. Determine g(37).
4
Let s(w) = -w**2 + 20*w + 25. Calculate s(20).
25
Let o(a) = -a**2 - 13*a + 27. Give o(-17).
-41
Let s(l) = 23*l - 163. Give s(7).
-2
Let t(f) = -f**2 + 14*f - 17. Calculate t(13).
-4
Let q(z) = -z**3 - 6*z**2 - 2*z - 1. Give q(-7).
62
Let z(g) = -g**3 + 4*g**2 + 9*g - 18. What is z(5)?
2
Let q(i) = i**3 + 8*i**2 - i - 1. Determine q(-8).
7
Let w(m) = -m**2 - 18*m - 61. Calculate w(-5).
4
Let f(k) = -29*k - 467. Calculate f(-16).
-3
Let k(o) = -o - 35. Determine k(28).
-63
Let n(k) = 8*k - 6. Calculate n(3).
18
Let k(x) = 13*x**3 + x**2 + 1. Give k(2).
109
Let n(u) = -u**2 - 18*u + 37. Give n(-18).
37
Let w(g) = -17*g + 20. Give w(9).
-133
Let n(k) = -9*k - 6. Determine n(4).
-42
Let d(f) = -f**2 - 11*f - 36. Give d(-6).
-6
Let q(f) = -6*f - 84. What is q(-15)?
6
Let a(j) = 6*j - 2. Determine a(-1).
-8
Let z(x) = -x**3 - 8*x**2 - 4*x + 17. Determine z(-7).
-4
Let l(w) = 2*w**2 + 20*w + 46. What is l(-4)?
-2
Let u(o) = o**3 - 3*o**2 - 3*o + 4. Give u(2).
-6
Let a(w) = w**3 - 13*w**2 + 6*w - 14. Determine a(13).
64
Let s(j) = -4*j - 7. Determine s(1).
-11
Let s(m) = 14*m**3 + 2*m - 1. What is s(1)?
15
L